{"id":215,"date":"2020-05-22T20:16:00","date_gmt":"2020-05-22T18:16:00","guid":{"rendered":"https:\/\/www.intellectualsovereignty.ch\/?page_id=215"},"modified":"2022-01-07T17:35:53","modified_gmt":"2022-01-07T16:35:53","slug":"what","status":"publish","type":"page","link":"https:\/\/www.intellectualsovereignty.ch\/index.php\/what\/","title":{"rendered":"What?"},"content":{"rendered":"\n<p>Diverse Ereignisse in den vergangenen Jahren meines Lebens &#8211; ja, ich h\u00f6re euch, die mir Midlife-Crisis nachrufen &#8211; haben mich zum <strong>Nachdenken<\/strong> angeregt, manchmal gezwungen. Und dabei habe ich festgestellt, dass erst mit entsprechender <strong>Hingabe<\/strong>, verf\u00fcgbarem <strong>Raum<\/strong> und bewusst zugeteilter <strong>Zeit<\/strong> freies Denken erst m\u00f6glich wird.<\/p>\n\n\n\n<p>Mein Blog berichtet von anregenden <strong>Momenten des freien Denkens<\/strong>, oder auch von gewonnenen <strong>Erkenntnissen<\/strong> und <strong>Einsichten<\/strong>. Manchmal bleibt&#8217;s aber vielleicht auch nur bei denkerischen Turn\u00fcbungen oder denkfaulen Bl\u00f6deleien.<\/p>\n\n\n\n<p>Wer den f\u00fcr meinen Blog gew\u00e4hlten URL verstehen will, dem empfehle ich ganz einfach die folgenden Wortdefinitionen. Alles selbsterkl\u00e4rend, oder?<\/p>\n\n\n\n<blockquote class=\"wp-block-quote is-layout-flow wp-block-quote-is-layout-flow\"><p><strong>intellectual<\/strong> (adjective)<br>relating to the ability to <span class=\"has-inline-color has-accent-color\">think<\/span> and understand ideas at a high level, or involving ideas<\/p><cite><a href=\"https:\/\/dictionary.cambridge.org\/de\/worterbuch\/englisch\/intellectual\">Cambridge Dictionary<\/a>, abgerufen 30.12.2016<\/cite><\/blockquote>\n\n\n\n<blockquote class=\"wp-block-quote is-layout-flow wp-block-quote-is-layout-flow\"><p><strong>sovereignty<\/strong> (noun)<br>rightful status, independence, or prerogative<\/p><cite><a rel=\"noreferrer noopener\" href=\"https:\/\/www.dictionary.com\/browse\/sovereignty\" target=\"_blank\">Dictionary.com<\/a>, abgerufen 30.12.2016<\/cite><\/blockquote>\n","protected":false},"excerpt":{"rendered":"<p>Diverse Ereignisse in den vergangenen Jahren meines Lebens &#8211; ja, ich h\u00f6re euch, die mir Midlife-Crisis nachrufen &#8211; haben mich zum Nachdenken angeregt, manchmal gezwungen. Und dabei habe ich festgestellt, dass erst mit entsprechender Hingabe, verf\u00fcgbarem Raum und bewusst zugeteilter Zeit freies Denken erst m\u00f6glich wird. Mein Blog berichtet von anregenden Momenten des freien Denkens, [&hellip;]<\/p>\n","protected":false},"author":1,"featured_media":0,"parent":0,"menu_order":1,"comment_status":"closed","ping_status":"closed","template":"","meta":{"jetpack_post_was_ever_published":false,"footnotes":""},"class_list":["post-215","page","type-page","status-publish","hentry","missing-thumbnail"],"jetpack_shortlink":"https:\/\/wp.me\/P9IwFN-3t","jetpack_likes_enabled":false,"jetpack_sharing_enabled":true,"_links":{"self":[{"href":"https:\/\/www.intellectualsovereignty.ch\/index.php\/wp-json\/wp\/v2\/pages\/215","targetHints":{"allow":["GET"]}}],"collection":[{"href":"https:\/\/www.intellectualsovereignty.ch\/index.php\/wp-json\/wp\/v2\/pages"}],"about":[{"href":"https:\/\/www.intellectualsovereignty.ch\/index.php\/wp-json\/wp\/v2\/types\/page"}],"author":[{"embeddable":true,"href":"https:\/\/www.intellectualsovereignty.ch\/index.php\/wp-json\/wp\/v2\/users\/1"}],"replies":[{"embeddable":true,"href":"https:\/\/www.intellectualsovereignty.ch\/index.php\/wp-json\/wp\/v2\/comments?post=215"}],"version-history":[{"count":1,"href":"https:\/\/www.intellectualsovereignty.ch\/index.php\/wp-json\/wp\/v2\/pages\/215\/revisions"}],"predecessor-version":[{"id":4275,"href":"https:\/\/www.intellectualsovereignty.ch\/index.php\/wp-json\/wp\/v2\/pages\/215\/revisions\/4275"}],"wp:attachment":[{"href":"https:\/\/www.intellectualsovereignty.ch\/index.php\/wp-json\/wp\/v2\/media?parent=215"}],"curies":[{"name":"wp","href":"https:\/\/api.w.org\/{rel}","templated":true}]}}

<p>Diverse Ereignisse in den vergangenen Jahren meines Lebens &#8211; ja, ich höre euch, die mir Midlife-Crisis nachrufen &#8211; haben mich zum <strong>Nachdenken</strong> angeregt, manchmal gezwungen. Und dabei habe ich festgestellt, dass erst mit entsprechender <strong>Hingabe</strong>, verfügbarem <strong>Raum</strong> und bewusst zugeteilter <strong>Zeit</strong> freies Denken erst möglich wird.</p>



<p>Mein Blog berichtet von anregenden <strong>Momenten des freien Denkens</strong>, oder auch von gewonnenen <strong>Erkenntnissen</strong> und <strong>Einsichten</strong>. Manchmal bleibt&#8217;s aber vielleicht auch nur bei denkerischen Turnübungen oder denkfaulen Blödeleien.</p>



<p>Wer den für meinen Blog gewählten URL verstehen will, dem empfehle ich ganz einfach die folgenden Wortdefinitionen. Alles selbsterklärend, oder?</p>



<blockquote class="wp-block-quote is-layout-flow wp-block-quote-is-layout-flow"><p><strong>intellectual</strong> (adjective)<br>relating to the ability to <span class="has-inline-color has-accent-color">think</span> and understand ideas at a high level, or involving ideas</p><cite><a href="https://dictionary.cambridge.org/de/worterbuch/englisch/intellectual">Cambridge Dictionary</a>, abgerufen 30.12.2016</cite></blockquote>



<blockquote class="wp-block-quote is-layout-flow wp-block-quote-is-layout-flow"><p><strong>sovereignty</strong> (noun)<br>rightful status, independence, or prerogative</p><cite><a rel="noreferrer noopener" href="https://www.dictionary.com/browse/sovereignty" target="_blank">Dictionary.com</a>, abgerufen 30.12.2016</cite></blockquote>

<p>Diverse Ereignisse in den vergangenen Jahren meines Lebens &#8211; ja, ich höre euch, die mir Midlife-Crisis nachrufen &#8211; haben mich zum Nachdenken angeregt, manchmal gezwungen. Und dabei habe ich festgestellt, dass erst mit entsprechender Hingabe, verfügbarem Raum und bewusst zugeteilter Zeit freies Denken erst möglich wird. Mein Blog berichtet von anregenden Momenten des freien Denkens, [&hellip;]</p>
