{"id":13280,"date":"2025-01-04T09:05:55","date_gmt":"2025-01-04T08:05:55","guid":{"rendered":"https:\/\/www.intellectualsovereignty.ch\/?page_id=13280"},"modified":"2025-01-04T09:26:56","modified_gmt":"2025-01-04T08:26:56","slug":"jura-hoehenweg","status":"publish","type":"page","link":"https:\/\/www.intellectualsovereignty.ch\/index.php\/projects\/jura-hoehenweg\/","title":{"rendered":"Jura-H\u00f6henweg"},"content":{"rendered":"\n<p>Die langgezogene Jura-Kette hat mich schon von klein auf irgendwie fasziniert. Als Wanderer bot sie sich in letzter Zeit mehrfach an, erkundet zu werden, insbesondere wenn in den Voralpen, im Wallis und im Tessin das Wetter mal nicht mitspielte. So habe ich \u00fcber die Jahre einige Etappen des insgesamt rund 320km langen <a href=\"https:\/\/schweizmobil.ch\/de\/wanderland\/route-5\" data-type=\"link\" data-id=\"https:\/\/schweizmobil.ch\/de\/wanderland\/route-5\" target=\"_blank\" rel=\"noreferrer noopener\">Jura-H\u00f6henweg (Nr. 5)<\/a> abgelaufen und an sch\u00f6ne Pl\u00e4tzchen entdeckt, die ich euch hiermit zeigen m\u00f6chte.<\/p>\n\n\n\n<h2 class=\"wp-block-heading\">Planung<\/h2>\n\n\n\n<p>Von einer Planung zu sprechen, ist an dieser Stelle ziemlich \u00fcbertrieben. Ich habe eher spontan seit 2019 Etappen so zusammengelegt, dass sie herausfordernden Tagetouren entsprachen&#8230;<\/p>\n\n\n\n<h2 class=\"wp-block-heading\">Gelaufene Strecke<\/h2>\n\n\n\n<p>Zu s\u00e4mtlichen gelaufenen Etappen habe ich einen kurzen Erfahrungsbericht verfasst, nachfolgend die \u00dcbersicht mit den Links. Die Reihenfolge entspricht der Abfolge von Ost nach West, wobei ich nicht immer in dieser Richtung gelaufen bin&#8230;<\/p>\n\n\n\n<ul class=\"wp-block-list\">\n<li>Dielsdorf &#8211; Aarau (<a href=\"https:\/\/www.intellectualsovereignty.ch\/index.php\/2024\/06\/22\/hike89-dielsdorf-aarau\/\" data-type=\"post\" data-id=\"12621\">Hike#89<\/a>), 41km<\/li>\n\n\n\n<li>Balsthal &#8211; Hauenstein &#8211; Aarau (<a href=\"https:\/\/www.intellectualsovereignty.ch\/index.php\/2024\/03\/09\/hike87-balsthal-hauenstein-aarau\/\" data-type=\"post\" data-id=\"12542\">Hike#87<\/a>), 45km<\/li>\n\n\n\n<li>Balsthal &#8211; Weissenstein (<a href=\"https:\/\/www.intellectualsovereignty.ch\/index.php\/2021\/08\/29\/hike73-balsthal-weissenstein-raimeux-grandval\/\" data-type=\"post\" data-id=\"3967\">Hike#73<\/a>), 21km<\/li>\n\n\n\n<li>Weissenstein &#8211; Frinvillier (<a href=\"https:\/\/www.intellectualsovereignty.ch\/index.php\/2019\/06\/08\/hike-1-weissenstein-frinvillier\/\" data-type=\"post\" data-id=\"369\">Hike#1<\/a>), 24km<\/li>\n\n\n\n<li>Frinvillier &#8211; Chasseral (<a href=\"https:\/\/www.intellectualsovereignty.ch\/index.php\/2019\/09\/21\/hike-5-frinvillier-chasseral\/\" data-type=\"post\" data-id=\"318\">Hike#5<\/a>), 20km<\/li>\n\n\n\n<li>&#8230;<\/li>\n<\/ul>\n\n\n\n<h2 class=\"wp-block-heading\">Material<\/h2>\n\n\n\n<p>Da ich quasi durchgehend in Form von Tagestouren unterwegs war, hatte ich nebst Tagesrucksack nur etwas Kleidung und Essen dabei. F\u00fcr den noch anstehenden Streckenabschnitt westlich vom Chasseral sehe ich, wo ich punktuell mehrt\u00e4gig unterwegs sein m\u00f6chte, die Materialliste mit H\u00e4ngematte vor (siehe <a href=\"https:\/\/lighterpack.com\/r\/vf1br5\" data-type=\"link\" data-id=\"https:\/\/lighterpack.com\/r\/vf1br5\" target=\"_blank\" rel=\"noreferrer noopener\">hier<\/a>).<\/p>\n\n\n\n<h2 class=\"wp-block-heading\">Hilfreiche Links<\/h2>\n\n\n\n<p>Folgende hilfreichen Links, die mir im Vorfeld sowie unterwegs geholfen haben, m\u00f6chte ich euch nicht vorenthalten:<\/p>\n\n\n\n<ul class=\"wp-block-list\">\n<li> &#8230;<\/li>\n<\/ul>\n","protected":false},"excerpt":{"rendered":"<p>Die langgezogene Jura-Kette hat mich schon von klein auf irgendwie fasziniert. Als Wanderer bot sie sich in letzter Zeit mehrfach an, erkundet zu werden, insbesondere wenn in den Voralpen, im Wallis und im Tessin das Wetter mal nicht mitspielte. So habe ich \u00fcber die Jahre einige Etappen des insgesamt rund 320km langen Jura-H\u00f6henweg (Nr. 5) [&hellip;]<\/p>\n","protected":false},"author":1,"featured_media":0,"parent":4276,"menu_order":0,"comment_status":"closed","ping_status":"closed","template":"","meta":{"jetpack_post_was_ever_published":false,"footnotes":""},"class_list":["post-13280","page","type-page","status-publish","hentry","missing-thumbnail"],"jetpack_shortlink":"https:\/\/wp.me\/P9IwFN-3sc","jetpack_likes_enabled":false,"jetpack_sharing_enabled":true,"_links":{"self":[{"href":"https:\/\/www.intellectualsovereignty.ch\/index.php\/wp-json\/wp\/v2\/pages\/13280","targetHints":{"allow":["GET"]}}],"collection":[{"href":"https:\/\/www.intellectualsovereignty.ch\/index.php\/wp-json\/wp\/v2\/pages"}],"about":[{"href":"https:\/\/www.intellectualsovereignty.ch\/index.php\/wp-json\/wp\/v2\/types\/page"}],"author":[{"embeddable":true,"href":"https:\/\/www.intellectualsovereignty.ch\/index.php\/wp-json\/wp\/v2\/users\/1"}],"replies":[{"embeddable":true,"href":"https:\/\/www.intellectualsovereignty.ch\/index.php\/wp-json\/wp\/v2\/comments?post=13280"}],"version-history":[{"count":3,"href":"https:\/\/www.intellectualsovereignty.ch\/index.php\/wp-json\/wp\/v2\/pages\/13280\/revisions"}],"predecessor-version":[{"id":13286,"href":"https:\/\/www.intellectualsovereignty.ch\/index.php\/wp-json\/wp\/v2\/pages\/13280\/revisions\/13286"}],"up":[{"embeddable":true,"href":"https:\/\/www.intellectualsovereignty.ch\/index.php\/wp-json\/wp\/v2\/pages\/4276"}],"wp:attachment":[{"href":"https:\/\/www.intellectualsovereignty.ch\/index.php\/wp-json\/wp\/v2\/media?parent=13280"}],"curies":[{"name":"wp","href":"https:\/\/api.w.org\/{rel}","templated":true}]}}