{"id":11704,"date":"2022-09-20T20:39:07","date_gmt":"2022-09-20T18:39:07","guid":{"rendered":"https:\/\/www.intellectualsovereignty.ch\/?page_id=11704"},"modified":"2025-05-17T09:39:38","modified_gmt":"2025-05-17T07:39:38","slug":"who","status":"publish","type":"page","link":"https:\/\/www.intellectualsovereignty.ch\/index.php\/who\/","title":{"rendered":"Who?"},"content":{"rendered":"\n<p>Wer bin ich denn? Das ist eine gute Frage! Auf die Schnelle finde ich folgendes grad passend:<\/p>\n\n\n\n<ul class=\"wp-block-list\">\n<li>Heissen tue ich Thierry,<\/li>\n\n\n\n<li>h\u00f6ren tue ich u.a. f\u00fcr amerikanische Kolleg:innen auch auf Jerry, Terry und nat\u00fcrlich auch auf meinen Trailname &#171;not yet&#187;,<\/li>\n\n\n\n<li>bin kanadisch-schweizerischer Doppelb\u00fcrger,<\/li>\n\n\n\n<li>n\u00e4here mich langsam den magischen 50,<\/li>\n\n\n\n<li>bin Familienvater zweier T\u00f6chter,<\/li>\n\n\n\n<li>wohne in Ittigen bei Bern,<\/li>\n\n\n\n<li>bin als Unternehmensentwickler bei der SBB Infrastruktur gleich um die Ecke besch\u00e4ftigt,<\/li>\n\n\n\n<li>bezeichne mich als leidenschaftlichen Nachtjogger und H\u00e4ngematten-Schl\u00e4fer,<\/li>\n\n\n\n<li>habe vor ein paar Jahren das Fernwandern f\u00fcr mich entdeckt,<\/li>\n\n\n\n<li>und w\u00fcrde gerne mal Gleitschirmfliegen lernen!<\/li>\n<\/ul>\n\n\n\n<p>Wer mich kontaktieren m\u00f6chte, kann dies per <a href=\"mailto:thierry.pulver@intellectualsovereignty.ch\">Email<\/a> oder \u00fcber <a href=\"https:\/\/www.linkedin.com\/in\/thierrypulver\/\" target=\"_blank\" rel=\"noreferrer noopener\">LinkedIn<\/a> gerne tun.<\/p>\n\n\n\n<p>Und wenn du auf dem Laufenden bleiben m\u00f6chtest, kannst du entweder folgenden <a href=\"https:\/\/www.intellectualsovereignty.ch\/index.php\/feed\/\" target=\"_blank\" rel=\"noreferrer noopener nofollow\">RSS-Feed<\/a> in deiner Newsreader-App abonnieren (umfasst alle Blog-Updates) oder aber \u00fcber nachfolgendes Eingabefeld einen Newsletter abonnieren, der dich per Email \u00fcber Blog-Updates in den Kategorien deiner Wahl informiert. \ud83d\ude42<br><\/p>\n\n\n<div class=\"wp-block-jetpack-subscriptions__supports-newline is-style-split wp-block-jetpack-subscriptions\">\n\t\t<div>\n\t\t\t<div>\n\t\t\t\t<div>\n\t\t\t\t\t<p >\n\t\t\t\t\t\t<a href=\"https:\/\/www.intellectualsovereignty.ch\/?post_type=page&#038;p=11704\" style=\"font-size: 16px;padding: 10px 15px 10px 15px;margin: 0; margin-left: 10px;border-radius: 0px;border-width: 1px; background-color: #113AF5; color: #FFFFFF; text-decoration: none; white-space: nowrap; margin-left: 0\">Subscribe<\/a>\n\t\t\t\t\t<\/p>\n\t\t\t\t<\/div>\n\t\t\t<\/div>\n\t\t<\/div>\n\t<\/div>\n\n\n<div style=\"height:35px\" aria-hidden=\"true\" class=\"wp-block-spacer\"><\/div>\n\n\n\n<blockquote class=\"wp-block-quote is-layout-flow wp-block-quote-is-layout-flow\">\n<p>Wirst du ein Teil des Ganzen, wird alles ein Teil von dir.<\/p>\n<cite>Gl\u00fcckskeks vom 17.09.2022<\/cite><\/blockquote>\n\n\n\n<p><\/p>\n","protected":false},"excerpt":{"rendered":"<p>Wer bin ich denn? Das ist eine gute Frage! Auf die Schnelle finde ich folgendes grad passend: Wer mich kontaktieren m\u00f6chte, kann dies per Email oder \u00fcber LinkedIn gerne tun. Und wenn du auf dem Laufenden bleiben m\u00f6chtest, kannst du entweder folgenden RSS-Feed in deiner Newsreader-App abonnieren (umfasst alle Blog-Updates) oder aber \u00fcber nachfolgendes Eingabefeld [&hellip;]<\/p>\n","protected":false},"author":1,"featured_media":0,"parent":0,"menu_order":0,"comment_status":"closed","ping_status":"closed","template":"","meta":{"jetpack_post_was_ever_published":false,"footnotes":""},"class_list":["post-11704","page","type-page","status-publish","hentry","missing-thumbnail"],"jetpack_shortlink":"https:\/\/wp.me\/P9IwFN-32M","jetpack_likes_enabled":false,"jetpack_sharing_enabled":true,"_links":{"self":[{"href":"https:\/\/www.intellectualsovereignty.ch\/index.php\/wp-json\/wp\/v2\/pages\/11704","targetHints":{"allow":["GET"]}}],"collection":[{"href":"https:\/\/www.intellectualsovereignty.ch\/index.php\/wp-json\/wp\/v2\/pages"}],"about":[{"href":"https:\/\/www.intellectualsovereignty.ch\/index.php\/wp-json\/wp\/v2\/types\/page"}],"author":[{"embeddable":true,"href":"https:\/\/www.intellectualsovereignty.ch\/index.php\/wp-json\/wp\/v2\/users\/1"}],"replies":[{"embeddable":true,"href":"https:\/\/www.intellectualsovereignty.ch\/index.php\/wp-json\/wp\/v2\/comments?post=11704"}],"version-history":[{"count":9,"href":"https:\/\/www.intellectualsovereignty.ch\/index.php\/wp-json\/wp\/v2\/pages\/11704\/revisions"}],"predecessor-version":[{"id":13447,"href":"https:\/\/www.intellectualsovereignty.ch\/index.php\/wp-json\/wp\/v2\/pages\/11704\/revisions\/13447"}],"wp:attachment":[{"href":"https:\/\/www.intellectualsovereignty.ch\/index.php\/wp-json\/wp\/v2\/media?parent=11704"}],"curies":[{"name":"wp","href":"https:\/\/api.w.org\/{rel}","templated":true}]}}

<p>Wer bin ich denn? Das ist eine gute Frage! Auf die Schnelle finde ich folgendes grad passend:</p>



<ul class="wp-block-list">
<li>Heissen tue ich Thierry,</li>



<li>hören tue ich u.a. für amerikanische Kolleg:innen auch auf Jerry, Terry und natürlich auch auf meinen Trailname &#171;not yet&#187;,</li>



<li>bin kanadisch-schweizerischer Doppelbürger,</li>



<li>nähere mich langsam den magischen 50,</li>



<li>bin Familienvater zweier Töchter,</li>



<li>wohne in Ittigen bei Bern,</li>



<li>bin als Unternehmensentwickler bei der SBB Infrastruktur gleich um die Ecke beschäftigt,</li>



<li>bezeichne mich als leidenschaftlichen Nachtjogger und Hängematten-Schläfer,</li>



<li>habe vor ein paar Jahren das Fernwandern für mich entdeckt,</li>



<li>und würde gerne mal Gleitschirmfliegen lernen!</li>
</ul>



<p>Wer mich kontaktieren möchte, kann dies per <a href="mailto:thierry.pulver@intellectualsovereignty.ch">Email</a> oder über <a href="https://www.linkedin.com/in/thierrypulver/" target="_blank" rel="noreferrer noopener">LinkedIn</a> gerne tun.</p>



<p>Und wenn du auf dem Laufenden bleiben möchtest, kannst du entweder folgenden <a href="https://www.intellectualsovereignty.ch/index.php/feed/" target="_blank" rel="noreferrer noopener nofollow">RSS-Feed</a> in deiner Newsreader-App abonnieren (umfasst alle Blog-Updates) oder aber über nachfolgendes Eingabefeld einen Newsletter abonnieren, der dich per Email über Blog-Updates in den Kategorien deiner Wahl informiert. 🙂<br></p>


<div class="wp-block-jetpack-subscriptions__supports-newline is-style-split wp-block-jetpack-subscriptions">
		<div>
			<div>
				<div>
					<p >
						<a href="https://www.intellectualsovereignty.ch/?post_type=page&#038;p=11704" style="font-size: 16px;padding: 10px 15px 10px 15px;margin: 0; margin-left: 10px;border-radius: 0px;border-width: 1px; background-color: #113AF5; color: #FFFFFF; text-decoration: none; white-space: nowrap; margin-left: 0">Subscribe</a>
					</p>
				</div>
			</div>
		</div>
	</div>


<div style="height:35px" aria-hidden="true" class="wp-block-spacer"></div>



<blockquote class="wp-block-quote is-layout-flow wp-block-quote-is-layout-flow">
<p>Wirst du ein Teil des Ganzen, wird alles ein Teil von dir.</p>
<cite>Glückskeks vom 17.09.2022</cite></blockquote>



<p></p>

<p>Wer bin ich denn? Das ist eine gute Frage! Auf die Schnelle finde ich folgendes grad passend: Wer mich kontaktieren möchte, kann dies per Email oder über LinkedIn gerne tun. Und wenn du auf dem Laufenden bleiben möchtest, kannst du entweder folgenden RSS-Feed in deiner Newsreader-App abonnieren (umfasst alle Blog-Updates) oder aber über nachfolgendes Eingabefeld [&hellip;]</p>
